{"id":50,"date":"2021-03-26T14:16:27","date_gmt":"2021-03-26T17:16:27","guid":{"rendered":"http:\/\/tecnerg-eng.com.br\/?page_id=50"},"modified":"2023-04-26T16:07:17","modified_gmt":"2023-04-26T19:07:17","slug":"servicos","status":"publish","type":"page","link":"http:\/\/tecnerg-eng.com.br\/?page_id=50","title":{"rendered":"Servi\u00e7os"},"content":{"rendered":"\n<p><strong>INSTALA\u00c7\u00d5ES EL\u00c9TRICAS<\/strong>:<\/p>\n\n\n\n<ul class=\"wp-block-list\">\n<li>Montagem de cabine de entrada e medi\u00e7\u00e3o de energia (de 15kV a 138kV)<\/li>\n\n\n\n<li>Subesta\u00e7\u00e3o transformadora tipo blindada ou em alvenaria;<\/li>\n\n\n\n<li>Transformadores pedestais e compactos;<\/li>\n\n\n\n<li>Cabine de barramentos;<\/li>\n\n\n\n<li>Quadros gerais e parciais de luz e for\u00e7a.<\/li>\n\n\n\n<li>Banco de capacitores;<\/li>\n\n\n\n<li>Grupo gerador com quadro de comando e transfer\u00eancia autom\u00e1tica;<\/li>\n\n\n\n<li>Cogera\u00e7\u00e3o de energia;<\/li>\n\n\n\n<li>Instala\u00e7\u00e3o de for\u00e7a e alimentadores;<\/li>\n\n\n\n<li>Distribui\u00e7\u00e3o de ilumina\u00e7\u00e3o e tomadas;<\/li>\n\n\n\n<li>Instala\u00e7\u00e3o de SPDA e aterramento;<\/li>\n\n\n\n<li>Lumin\u00e1rias e acess\u00f3rios;<\/li>\n<\/ul>\n\n\n\n<p><strong>INSTALA\u00c7\u00d5ES HIDR\u00c1ULICAS<\/strong>:<\/p>\n\n\n\n<ul class=\"wp-block-list\">\n<li>Sistema de \u00e1gua pot\u00e1vel;<\/li>\n\n\n\n<li>Sistema de esgoto;<\/li>\n\n\n\n<li>Sistema de \u00e1gua pluvial;<\/li>\n\n\n\n<li>Tubula\u00e7\u00f5es para todos os tipos de gases;<\/li>\n\n\n\n<li>Tubula\u00e7\u00f5es para todos os tipos de flu\u00eddos industriais;<\/li>\n\n\n\n<li>ETE\u2019S e ETA\u2019S.<\/li>\n<\/ul>\n\n\n\n<p><strong>COMBATE A INC\u00caNDIO<\/strong>:<\/p>\n\n\n\n<ul class=\"wp-block-list\">\n<li>Sistema de sprinklers;<\/li>\n\n\n\n<li>Sistema de hidrantes;<\/li>\n\n\n\n<li>Sistema de detec\u00e7\u00e3o de fuma\u00e7a;<\/li>\n\n\n\n<li>Casa de bombas;<\/li>\n\n\n\n<li>Projetos para aprova\u00e7\u00e3o e obten\u00e7\u00e3o do AVCB;<\/li>\n<\/ul>\n\n\n\n<p><strong>SISTEMAS ESPECIAIS<\/strong>:<\/p>\n\n\n\n<ul class=\"wp-block-list\">\n<li>Sonoriza\u00e7\u00e3o;<\/li>\n\n\n\n<li>CFTV;<\/li>\n\n\n\n<li>V\u00eddeo monitoramento;<\/li>\n\n\n\n<li>Automa\u00e7\u00e3o e Controle Predial;<\/li>\n\n\n\n<li>Cabeamento Estruturado;<\/li>\n\n\n\n<li>Alarme Perimetral;<\/li>\n\n\n\n<li>Automa\u00e7\u00e3o Ilumina\u00e7\u00e3o;<\/li>\n\n\n\n<li>Controle de Acesso;<\/li>\n\n\n\n<li>Detec\u00e7\u00e3o e Alarme de Inc\u00eandio;<\/li>\n<\/ul>\n","protected":false},"excerpt":{"rendered":"<p>INSTALA\u00c7\u00d5ES EL\u00c9TRICAS: INSTALA\u00c7\u00d5ES HIDR\u00c1ULICAS: COMBATE A INC\u00caNDIO: SISTEMAS ESPECIAIS:<\/p>\n","protected":false},"author":1,"featured_media":0,"parent":0,"menu_order":0,"comment_status":"closed","ping_status":"closed","template":"","meta":{"footnotes":""},"class_list":["post-50","page","type-page","status-publish","hentry","entry"],"_links":{"self":[{"href":"http:\/\/tecnerg-eng.com.br\/index.php?rest_route=\/wp\/v2\/pages\/50","targetHints":{"allow":["GET"]}}],"collection":[{"href":"http:\/\/tecnerg-eng.com.br\/index.php?rest_route=\/wp\/v2\/pages"}],"about":[{"href":"http:\/\/tecnerg-eng.com.br\/index.php?rest_route=\/wp\/v2\/types\/page"}],"author":[{"embeddable":true,"href":"http:\/\/tecnerg-eng.com.br\/index.php?rest_route=\/wp\/v2\/users\/1"}],"replies":[{"embeddable":true,"href":"http:\/\/tecnerg-eng.com.br\/index.php?rest_route=%2Fwp%2Fv2%2Fcomments&post=50"}],"version-history":[{"count":10,"href":"http:\/\/tecnerg-eng.com.br\/index.php?rest_route=\/wp\/v2\/pages\/50\/revisions"}],"predecessor-version":[{"id":268,"href":"http:\/\/tecnerg-eng.com.br\/index.php?rest_route=\/wp\/v2\/pages\/50\/revisions\/268"}],"wp:attachment":[{"href":"http:\/\/tecnerg-eng.com.br\/index.php?rest_route=%2Fwp%2Fv2%2Fmedia&parent=50"}],"curies":[{"name":"wp","href":"https:\/\/api.w.org\/{rel}","templated":true}]}}